{"id":157,"date":"2023-01-16T17:02:17","date_gmt":"2023-01-16T16:02:17","guid":{"rendered":"https:\/\/thomaswillems.de\/mtb\/?page_id=157"},"modified":"2023-01-18T10:36:45","modified_gmt":"2023-01-18T09:36:45","slug":"fotos","status":"publish","type":"page","link":"https:\/\/thomaswillems.de\/mtb\/index.php\/fotos\/","title":{"rendered":"Fotos"},"content":{"rendered":"\n<p>Fotos von gemachten Touren<\/p>\n\n\n\n<p>Bitte das gew\u00fcnschte Jahr im Men\u00fc ausw\u00e4hlen.<\/p>\n","protected":false},"excerpt":{"rendered":"<p>Fotos von gemachten Touren Bitte das gew\u00fcnschte Jahr im Men\u00fc ausw\u00e4hlen.<\/p>\n","protected":false},"author":1,"featured_media":0,"parent":0,"menu_order":0,"comment_status":"closed","ping_status":"closed","template":"","meta":{"ngg_post_thumbnail":0,"footnotes":""},"class_list":["post-157","page","type-page","status-publish","hentry"],"_links":{"self":[{"href":"https:\/\/thomaswillems.de\/mtb\/index.php\/wp-json\/wp\/v2\/pages\/157","targetHints":{"allow":["GET"]}}],"collection":[{"href":"https:\/\/thomaswillems.de\/mtb\/index.php\/wp-json\/wp\/v2\/pages"}],"about":[{"href":"https:\/\/thomaswillems.de\/mtb\/index.php\/wp-json\/wp\/v2\/types\/page"}],"author":[{"embeddable":true,"href":"https:\/\/thomaswillems.de\/mtb\/index.php\/wp-json\/wp\/v2\/users\/1"}],"replies":[{"embeddable":true,"href":"https:\/\/thomaswillems.de\/mtb\/index.php\/wp-json\/wp\/v2\/comments?post=157"}],"version-history":[{"count":2,"href":"https:\/\/thomaswillems.de\/mtb\/index.php\/wp-json\/wp\/v2\/pages\/157\/revisions"}],"predecessor-version":[{"id":389,"href":"https:\/\/thomaswillems.de\/mtb\/index.php\/wp-json\/wp\/v2\/pages\/157\/revisions\/389"}],"wp:attachment":[{"href":"https:\/\/thomaswillems.de\/mtb\/index.php\/wp-json\/wp\/v2\/media?parent=157"}],"curies":[{"name":"wp","href":"https:\/\/api.w.org\/{rel}","templated":true}]}}

<p>Fotos von gemachten Touren</p>



<p>Bitte das gewünschte Jahr im Menü auswählen.</p>

<p>Fotos von gemachten Touren Bitte das gewünschte Jahr im Menü auswählen.</p>
